ctors of 4138684?
2, 11, 17, 503
What are the prime factors of 539904?
2, 3, 19, 37
What are the prime factors of 654887?
151, 4337
List the prime factors of 4166683.
17, 83, 2953
List the prime factors of 224211.
3, 13, 5749
List the prime factors of 3556918.
2, 1778459
What are the prime factors of 407111?
37, 11003
List the prime factors of 5955026.
2, 7, 11, 38669
List the prime factors of 3268899.
3, 363211
What are the prime factors of 1372058?
2, 686029
What are the prime factors of 13366311?
3, 7, 523, 1217
List the prime factors of 279550.
2, 5, 5591
What are the prime factors of 9237065?
5, 1847413
What are the prime factors of 1903376?
2, 337, 353
List the prime factors of 179091.
3, 11, 67
What are the prime factors of 6956163?
3, 772907
List the prime factors of 1026784.
2, 11, 2917
List the prime factors of 369078.
2, 3, 137, 449
What are the prime factors of 382424?
2, 7, 6829
What are the prime factors of 6403792?
2, 400237
What are the prime factors of 509949?
3, 11, 17, 101
What are the prime factors of 21872621?
2819, 7759
What are the prime factors of 7915434?
2, 3, 29, 45491
What are the prime factors of 33352353?
3, 19, 195043
What are the prime factors of 1607186?
2, 7, 114799
List the prime factors of 3010866.
2, 3, 317, 1583
List the prime factors of 4414478.
2, 167, 13217
What are the prime factors of 2205507?
3, 735169
List the prime factors of 682854.
2, 3, 113809
List the prime factors of 21678434.
2, 17, 637601
What are the prime factors of 43768?
2, 5471
List the prime factors of 24230.
2, 5, 2423
What are the prime factors of 247432?
2, 157, 197
What are the prime factors of 2794641?
3, 269, 3463
List the prime factors of 813705.
3, 5, 17, 3191
List the prime factors of 293922.
2, 3, 5443
List the prime factors of 860537.
311, 2767
What are the prime factors of 576629?
191, 3019
What are the prime factors of 561510?
2, 3, 5, 17, 367
What are the prime factors of 10082212?
2, 7, 397, 907
List the prime factors of 4871948.
2, 41, 61, 487
What are the prime factors of 8828538?
2, 3, 1471423
List the prime factors of 258873.
3, 86291
What are the prime factors of 49027?
11, 4457
List the prime factors of 8465.
5, 1693
List the prime factors of 8764497.
3, 7, 79, 587
What are the prime factors of 88926?
2, 3, 14821
What are the prime factors of 262495?
5, 47, 1117
What are the prime factors of 22710308?
2, 89, 63793
List the prime factors of 6347726.
2, 7, 11, 47, 877
List the prime factors of 1663560.
2, 3, 5, 4621
List the prime factors of 2170837.
31, 239, 293
List the prime factors of 227914.
2, 113957
What are the prime factors of 3048043?
3048043
List the prime factors of 137308.
2, 34327
List the prime factors of 4677283.
13, 127, 2833
List the prime factors of 225167.
225167
What are the prime factors of 14601898?
2, 73, 103, 971
What are the prime factors of 1171979?
1171979
What are the prime factors of 227820?
2, 3, 5, 3797
What are the prime factors of 3082048?
2, 48157
List the prime factors of 12284143.
2081, 5903
What are the prime factors of 637829?
637829
List the prime factors of 85509.
3, 3167
What are the prime factors of 186606?
2, 3, 7, 1481
List the prime factors of 5046222.
2, 3, 43, 19559
What are the prime factors of 77137?
77137
List the prime factors of 11479178.
2, 5739589
List the prime factors of 12795360.
2, 3, 5, 19, 23, 61
List the prime factors of 926362.
2, 463181
List the prime factors of 1399155.
3, 5, 37, 2521
What are the prime factors of 3993247?
3993247
List the prime factors of 12910.
2, 5, 1291
What are the prime factors of 1928637?
3, 61, 1171
List the prime factors of 29029.
7, 11, 13, 29
What are the prime factors of 4160685?
3, 5, 103, 2693
What are the prime factors of 4817973?
3, 29, 79, 701
What are the prime factors of 213990?
2, 3, 5, 7, 1019
List the prime factors of 39343.
39343
List the prime factors of 601785.
3, 5, 43, 311
List the prime factors of 4869.
3, 541
List the prime factors of 250417.
71, 3527
List the prime factors of 3623942.
2, 7, 36979
What are the prime factors of 7697184?
2, 3, 11, 37, 197
List the prime factors of 6159564.
2, 3, 6337
List the prime factors of 471880.
2, 5, 47, 251
List the prime factors of 860557.
17, 223, 227
What are the prime factors of 203017?
203017
What are the prime factors of 579162?
2, 3, 96527
What are the prime factors of 32247052?
2, 8061763
What are the prime factors of 2691936?
2, 3, 13, 719
List the prime factors of 295136.
2, 23, 401
What are the prime factors of 2087828?
2, 97, 5381
What are the prime factors of 313440?
2, 3, 5, 653
What are the prime factors of 1560202?
2, 7, 111443
What are the prime factors of 554013?
3, 17, 71
List the prime factors of 3378824.
2, 422353
List the prime factors of 1917449.
191, 10039
List the prime factors of 1831847.
19, 67, 1439
List the prime factors of 448728.
2, 3, 7, 2671
What are the prime factors of 36160?
2, 5, 113
What are the prime factors of 2202081?
3, 7, 19, 5519
List the prime factors of 2921507.
2921507
What are the prime factors of 12434518?
2, 6217259
What are the prime factors of 17728595?
5, 3545719
List the prime factors of 4052679.
3, 1350893
List the prime factors of 8309278.
2, 4154639
What are the prime factors of 1364507?
523, 2609
List the prime factors of 1990816.
2, 62213
What are the prime factors of 120111?
3, 40037
What are the prime factors of 1367992?
2, 307, 557
What are the prime factors of 39135?
3, 5, 2609
What are the prime factors of 1231?
1231
What are the prime factors of 174414?
2, 3, 41, 709
List the prime factors of 1736766.
2, 3, 96487
What are the prime factors of 12955459?
11, 1177769
What are the prime factors of 6845836?
2, 1711459
List the prime factors of 2647669.
19, 331, 421
What are the prime factors of 10692218?
2, 17, 47, 6691
List the prime factors of 4559958.
2, 3, 13, 1499
What are the prime factors of 211189?
11, 73, 263
List the prime factors of 21723172.
2, 5430793
What are the prime factors of 279766?
2, 139883
List the prime factors of 13390265.
5, 7, 382579
What are the prime factors of 625063?
625063
What are the prime factors of 4088225?
5, 43, 3803
What are the prime factors of 6393507?
3, 367, 5807
List the prime factors of 2518345.
5, 199, 2531
What are the prime factors of 150906?
2, 3, 7, 3593
What are the prime factors of 1137615?
3, 5, 149, 509
What are the prime factors of 1383926?
2, 181, 3823
What are the prime factors of 5193326?
2, 2596663
What are the prime factors of 197139?
3, 65713
List the prime factors of 6122860.
2, 5, 389, 787
What are the prime factors of 18011960?
2, 5, 450299
List the prime factors of 556067.
556067
What are the prime factors of 558440?
2, 5, 23, 607
What are the prime factors of 53721?
3, 47, 127
What are the prime factors of 259056?
2, 3, 7, 257
List the prime factors of 9851837.
9851837
What are the prime factors of 269612?
2, 7, 9629
What are the prime factors of 543730?
2, 5, 11, 4943
List the prime factors of 1267781.
257, 4933
What are the prime factors of 50585?
5, 67, 151
List the prime factors of 3407216.
2, 61, 3491
List the prime factors of 18828591.
3, 257, 24421
List the prime factors of 7708506.
2, 3, 13, 37, 2671
List the prime factors of 524220.
2, 3, 5, 8737
What are the prime factors of 6820500?
2, 3, 5, 4547
List the prime factors of 4650520.
2, 5, 7, 17, 977
What are the prime factors of 313554?
2, 3, 52259
What are the prime factors of 1369338?
2, 3, 228223
What are the prime factors of 2028743?
73, 27791
List the prime factors of 1228418.
2, 61, 10069
What are the prime factors of 250471?
13, 19267
What are the prime factors of 2980060?
2, 5, 109, 1367
What are the prime factors of 1415156?
2, 41, 8629
What are the prime factors of 1613341?
1129, 1429
List the prime factors of 5301614.
2, 2650807
List the prime factors of 2582909.
7, 71, 5197
List the prime factors of 12832695.
3, 5, 19, 5003
What are the prime factors of 657195?
3, 5, 7, 11, 569
What are the prime factors of 1558271?
11, 13, 17, 641
What are the prime factors of 1616785?
5, 17, 23, 827
What are the prime factors of 601429?
41, 14669
What are the prime factors of 214797?
3, 11, 23, 283
List the prime factors of 1181.
1181
List the prime factors of 9440.
2, 5, 59
List the pr